ose 4*p + 39 + 21 = 2*d, -2*d - u*p + 60 = 0. What are the prime factors of 12/d - 1506/(-10)?
151
Suppose -3*k + 227 = 3*o - 1, -5*o + 304 = 4*k. Suppose k*b - 77*b + 234 = 0. List the prime factors of b.
2, 3, 13
Suppose 5*l - 14425 = 3*y + 5954, 2*l - 5*y - 8144 = 0. List the prime factors of l.
3, 151
Let p = -66 + -84. Let l = p + 462. List the prime factors of l.
2, 3, 13
What are the prime factors of (-16 - 841/(-58))*3/(18/(-122744))?
2, 67, 229
Let k = 5 - -16. Suppose 5*m - 3 = p + 2*p, -k = -3*p - 3*m. Suppose p*s - 681 = -157. What are the prime factors of s?
131
Let s(u) = 132*u + 2731. What are the prime factors of s(-14)?
883
Suppose -4*t - 4*p = -9516, -3*t - 2*p = -6153 - 991. What are the prime factors of t?
2, 1193
Let j(f) = -37*f**3 - f**2 + 8. Let q be j(-4). Suppose -257*k = -252*k - q. List the prime factors of k.
2, 59
Let v = -66042 - -95869. List the prime factors of v.
7, 4261
Let k = -3083 - -2116. Let t = k + 1355. List the prime factors of t.
2, 97
Let i(b) = 236*b**2 + 4. Let l = 408 - 406. List the prime factors of i(l).
2, 3, 79
Let y(n) = -n**3 - 3*n**2 + 2*n - 2. Let u be y(-4). Suppose -5*g - 1 + u = 0. What are the prime factors of -2 - (g*-158)/2?
7, 11
Suppose -15*h = 6133 - 56653. List the prime factors of h.
2, 421
Let c(g) = -2*g - 9. Let d be c(-7). Suppose d*r - 6 = -5*s + 169, s = -5*r + 167. What are the prime factors of (r/(-2))/(0 + (-1)/8)?
2, 3, 11
Let a(c) = -31 + c - 26*c**2 + 2*c**3 - 25 + 10 + 25*c**2. Let l be a(0). List the prime factors of (l + 0)*5/10*-1.
23
Let d(o) = o**2 + 2*o - 9. Let q = 37 - 43. Let y be d(q). Suppose -y + 99 = x. List the prime factors of x.
2, 3, 7
Let j(m) = 1002*m - 35. Let h be j(-3). Let i = -2072 - h. List the prime factors of i.
3, 17, 19
Let z = -665 + 669. Suppose 5*w + 8*c - 2665 = 6*c, -z*w + 5*c = -2099. List the prime factors of w.
3, 59
Let a(y) = 12*y**2 - 370*y - 6324. What are the prime factors of a(-17)?
2, 17, 101
Let p(y) = 40*y**2 + 93*y - 13. List the prime factors of p(-7).
2, 3
Let l(s) be the first derivative of -s**4/4 + s**2 + 249*s + 50. List the prime factors of l(0).
3, 83
Let g(p) = -291*p - 13620. List the prime factors of g(-163).
3, 13, 17
Let j be (154/(-3))/(10/(-3) - -3). Let t = j + -32. What are the prime factors of (-4 - t/(-4)) + (-3)/6?
2, 13
What are the prime factors of (4324236/(-58))/(-3) + (312/(-377))/(-12)?
2, 3, 19, 109
Let p(o) = 4*o + 45. Let k(a) = -6*a - 41. Let y(j) = -3*k(j) - 2*p(j). Let g = -10 - -20. What are the prime factors of y(g)?
7, 19
Let m be ((-9)/(72/1540))/((-2)/76). Suppose -m = -17*l + 6*l. What are the prime factors of l?
5, 7, 19
Suppose 2*f - 3480 = y + 32296, -89414 = -5*f - 4*y. Suppose f = 9*g + 13*g. List the prime factors of g.
3, 271
Let i = 1936 + -154. What are the prime factors of i?
2, 3, 11
Suppose 6 = -5*i + 11. Let a be i*(25 + 2)/3. Let j(m) = -m**3 + 10*m**2 + 13*m - 5. What are the prime factors of j(a)?
193
Let u(l) = l**3 + 11*l**2 + 7*l - 4. Let y = 353 + -165. Let k be 8/20 + y/(-20). List the prime factors of u(k).
5, 19
Suppose p + 33842 = 3*l, 39968 + 16462 = 5*l + 5*p. List the prime factors of l.
2, 5641
Suppose 0 = 3*x, -4*t + 6*x = 7*x - 24. List the prime factors of (-8876)/(-12) - t/(-18).
2, 5, 37
Let u(d) = 5*d**2 + 104*d + 800. List the prime factors of u(-8).
2, 3
Suppose 3*y + 15*y - 130142 = -45344. What are the prime factors of y?
7, 673
Let b = 115 - 103. Let f = b - -92. Suppose -10*r = -12*r + f. List the prime factors of r.
2, 13
Let b(v) = 11*v + 72. Let w be b(-6). Let u(s) = 14*s**2 - 18*s + 51. List the prime factors of u(w).
3, 149
Let j be (-20)/(-40)*(-2 - -1)*-6. What are the prime factors of 676 + (42/7)/j?
2, 3, 113
Suppose 5*j - 4*n - 8220 = 0, 2*j + 6587 = 6*j - n. Suppose -5*m - w + 2042 = -5*w, -4*m - 4*w + j = 0. List the prime factors of m.
2, 5, 41
What are the prime factors of (873/81 - 11) + -295*(-6396)/27?
2, 3, 19, 613
Suppose 4*a + 3*x = -1643, -2*x = -3*a + 3*x - 1225. Let f = -368 - a. List the prime factors of f.
2, 3, 7
Suppose -g = -3, 5*g - 4 - 20 = -3*m. What are the prime factors of ((-34)/8)/((-3)/72*m)?
2, 17
Suppose -4*m = -0*m - 24. Let p be 0/(3/((-15)/10)). Suppose -m*j + 108 = -p*j. What are the prime factors of j?
2, 3
Let u(v) = -2*v**2 - 24*v - 17. Let l be u(-11). List the prime factors of 1 + (l + -3323)/(-6).
2, 277
Suppose 9*c + 45 = 14*c. Suppose 4*g - c = g. Suppose -g*y - 73 = -238. What are the prime factors of y?
5, 11
Let g = 45 + -74. Let z = -27 - g. Suppose 2*o - 2*p - 268 = 0, z*o + 5*p - 281 = -27. What are the prime factors of o?
2, 3, 11
Suppose -2*m = 4*u - 618, u + 1663 = 4*m + 391. Let s = m + 312. List the prime factors of s.
17, 37
Let p(w) = -w**3 + 21*w**2 - 41*w + 47. What are the prime factors of p(17)?
2, 11, 23
Let q(d) = -5*d - 74 - 10*d - d - 4*d - 9*d. What are the prime factors of q(-20)?
2, 11, 23
Let q = 1037 - 1738. Let a = 1110 + q. What are the prime factors of a?
409
List the prime factors of (3 - -6) + (8 + 53101 - -4).
2, 26561
Let v(g) = 4*g**2 + 10*g + 18. Let m be v(-8). Let d be 7/4 - 2/(-8). Suppose -d*u = -12 - m. List the prime factors of u.
103
Let p be 1 + -1 - (0 - (4 - -109)). Suppose 15 = 2*c + 1. What are the prime factors of p - ((-6)/(-42) + (-1)/c)?
113
Let o = -1038 - -1966. List the prime factors of o.
2, 29
Suppose 7*d - 2863 = 2*d + 2*y, 2*d - y = 1145. Suppose 459 = -6*x - d. What are the prime factors of ((-3)/(12/x))/1?
43
Suppose -9094 = -2*m - 4*y, -5*m - 12928 = -3*y - 35637. What are the prime factors of m?
7, 11, 59
Suppose -b + f = 0, 5*b + 4 = b + 3*f. What are the prime factors of (b/(-18))/(3/(-18))*-231?
2, 7, 11
Suppose 10*l = 15*l - 30. Suppose -l*a + 2379 = 381. What are the prime factors of a?
3, 37
Let x = -155 - -156. What are the prime factors of 9174/24 + -3 + x/(-4)?
379
Let w = 382 + -360. List the prime factors of (9 - w)*(-75 - -2).
13, 73
Let v(h) = -2*h - 56. Let i be v(-29). Suppose 839 = i*r - 401. List the prime factors of r.
2, 5, 31
Let i = -2139 + 6755. What are the prime factors of i?
2, 577
Let b be ((-68)/(-6))/2 - 20/30. Suppose 13*i + 1831 = 16*i - t, b*t = 25. List the prime factors of i.
2, 3, 17
Let g = 858 + -560. Suppose -5*f + g = 2*i - i, 3*f - 3*i - 168 = 0. Suppose 2*p + f = 267. List the prime factors of p.
2, 13
Let q(u) = 2663*u**3 - u**2 - 2*u + 4. What are the prime factors of q(1)?
2, 3, 37
Suppose 61*n + 50 = 66*n. Suppose n*a - 12*a + 8 = 0. What are the prime factors of a?
2
List the prime factors of 7248/(-9)*(-46 + -14)/10.
2, 151
Let x = -702 + 705. Suppose -112 - 47 = -2*h - 3*j, 237 = 3*h + x*j. What are the prime factors of h?
2, 3, 13
List the prime factors of (6/4)/((-5)/(-41150) + 0).
3, 5, 823
Suppose 2*y = -5*l - 162, 6*l - 2*l + 3*y + 124 = 0. Let b = 130 - l. What are the prime factors of (-9)/(-18)*b/2?
41
List the prime factors of (-9 + 38505)/16 + (-2 - (-6 - -1)).
3, 11, 73
Suppose -3*r = -697 + 649. Suppose 0 = -19*l + r*l + 1242. What are the prime factors of l?
2, 3, 23
Suppose 0 = -o + 5*p + 16299, 4*o + p - 2420 = 62734. List the prime factors of o.
7, 13, 179
List the prime factors of (1100/150)/((-6)/(-1341)).
11, 149
Let h = -227 - -229. Suppose 3*k - h*t = 1478, 2*t - 500 = -k - t. List the prime factors of k.
2, 13, 19
Let h = 16 - 26. Let x(b) = -b - 11. Let q be x(h). Let y(w) = -53*w + 2. What are the prime factors of y(q)?
5, 11
Let p(s) = -3*s**3 - 3*s**2 - 11*s - 52. Let j be p(-7). Let v = 1574 - j. List the prime factors of v.
23, 29
Let b(n) = 494*n**2 + 145*n - 697. What are the prime factors of b(5)?
2, 3, 2063
Let o(r) = 4*r**2 + 2*r + 12. Let n be o(-5). Let k = n + -101. Suppose -4*j + k = y - 6, 3*j + y - 4 = 0. List the prime factors of j.
3
Suppose -55 = 9*a + 62. Let d(l) = l**3 + 12*l**2 - 7*l - 27. Let q be d(a). Let h = -54 - q. What are the prime factors of h?
3, 17
Let x(q) = -q**2 + 38*q - 272. Let b be x(10). What are the prime factors of ((-2)/b)/(6/(-29712))?
2, 619
Suppose -3*t = -12*k + 17*k - 10332, -2*k + 4139 = -5*t. List the prime factors of k.
3, 13, 53
Let v(o) = -103*o + 1. Let x = -3 - -5. Suppose 3 = x*f + 5. What are the prime factors of v(f)?
2, 13
Let g = 28326 - 19304. List the prime factors of g.
2, 13, 347
Let l(t) = -4*